{"id":4400,"date":"2021-10-12T15:51:09","date_gmt":"2021-10-12T15:51:09","guid":{"rendered":"http:\/\/dummy.xtemos.com\/woodmart2\/elementor\/?page_id=4400"},"modified":"2025-10-25T00:50:11","modified_gmt":"2025-10-25T00:50:11","slug":"hakkimizda","status":"publish","type":"page","link":"https:\/\/tema4.depodanmusteriye.com\/index.php\/hakkimizda\/","title":{"rendered":"Hakk\u0131m\u0131zda"},"content":{"rendered":"\t\t<div data-elementor-type=\"wp-page\" data-elementor-id=\"4400\" class=\"elementor elementor-4400\">\n\t\t\t\t<div class=\"wd-negative-gap elementor-element elementor-element-7c7c544 e-flex e-con-boxed e-con e-parent\" data-id=\"7c7c544\" data-element_type=\"container\">\n\t\t\t\t\t<div class=\"e-con-inner\">\n\t\t<div class=\"elementor-element elementor-element-e7cb5cd e-con-full e-flex e-con e-child\" data-id=\"e7cb5cd\" data-element_type=\"container\">\n\t\t\t\t<div class=\"elementor-element elementor-element-56aec39 elementor-widget elementor-widget-wd_image_or_svg\" data-id=\"56aec39\" data-element_type=\"widget\" data-widget_type=\"wd_image_or_svg.default\">\n\t\t\t\t<div class=\"elementor-widget-container\">\n\t\t\t\t\t\n\t\t<div class=\"wd-image text-left\">\n\t\t\t\t\t\t\t\t<img loading=\"lazy\" decoding=\"async\" width=\"580\" height=\"580\" src=\"https:\/\/tema4.depodanmusteriye.com\/wp-content\/uploads\/2021\/10\/about-us-3-image-1.jpg\" class=\"attachment-full size-full\" alt=\"\" srcset=\"https:\/\/tema4.depodanmusteriye.com\/wp-content\/uploads\/2021\/10\/about-us-3-image-1.jpg 580w, https:\/\/tema4.depodanmusteriye.com\/wp-content\/uploads\/2021\/10\/about-us-3-image-1-430x430.jpg 430w, https:\/\/tema4.depodanmusteriye.com\/wp-content\/uploads\/2021\/10\/about-us-3-image-1-150x150.jpg 150w\" sizes=\"auto, (max-width: 580px) 100vw, 580px\" \/>\t\t\t\t\t<\/div>\n\n\t\t\t\t\t\t<\/div>\n\t\t\t\t<\/div>\n\t\t\t\t<\/div>\n\t\t<div class=\"elementor-element elementor-element-97d6084 e-con-full e-flex e-con e-child\" data-id=\"97d6084\" data-element_type=\"container\">\n\t\t\t\t<div class=\"elementor-element elementor-element-98d830b elementor-widget__width-initial wd-width-100 elementor-widget elementor-widget-wd_title\" data-id=\"98d830b\" data-element_type=\"widget\" data-widget_type=\"wd_title.default\">\n\t\t\t\t<div class=\"elementor-widget-container\">\n\t\t\t\t\t\t\t<div class=\"title-wrapper wd-set-mb reset-last-child wd-title-color-primary wd-title-style-default wd-title-size-large text-left\">\n\n\t\t\t\n\t\t\t<div class=\"liner-continer\">\n\t\t\t\t<h4 class=\"woodmart-title-container title wd-fontsize-xxl\">HAKKIMIZDA<\/h4> \n\t\t\t\t\t\t\t<\/div>\n\n\t\t\t\t\t\t\t<div class=\"title-after_title reset-last-child wd-fontsize-s\">\n\t\t\t\t\t<p><span style=\"color: #000000\">2013 y\u0131l\u0131nda Kurumsal Kaynak Planlama \u00e7\u00f6z\u00fcmlerinin yan\u0131 s\u0131ra, M\u00fc\u015fteri \u0130li\u015fkileri Y\u00f6netimi, insan Kaynaklar\u0131 Y\u00f6netimi, i\u015f Ak\u0131\u015f Y\u00f6netimi, Depo Y\u00f6netimi Sistemleri, i\u015f Analiti\u011fi \u00c7\u00f6z\u00fcmleri, Perakende \u00c7\u00f6z\u00fcmleri ve e-ticaret \u00e7\u00f6z\u00fcmleri gibi \u00e7ok say\u0131da tamamlay\u0131c\u0131 \u00e7\u00f6z\u00fcmler \u00fcretmek i\u00e7in sekt\u00f6re! faaliyetimize ba\u015flad\u0131k.<\/span><\/p><br \/>\n<p><span style=\"color: #000000\">Matrix Yaz\u0131l\u0131m kurulu\u015fundan bu yana, yaz\u0131l\u0131m sekt\u00f6r\u00fcnde \u00fcr\u00fcnleri, hizmetleri ve i\u015fletme s\u00fcre\u00e7leriyle getirdi\u011fi yenilikler ve dijital d\u00f6n\u00fc\u015f\u00fcmde kazand\u0131rd\u0131\u011f\u0131 katma de\u011ferle, bu sekt\u00f6r\u00fcn yenilik\u00e7i lideri oldu. Matrix Yaz\u0131l\u0131m, m\u00fc\u015fterilerinin s\u00fcrd\u00fcr\u00fclebilir ba\u015far\u0131s\u0131na katk\u0131da bulunan bir \u015firket olarak; m\u00fc\u015fterileri, i\u015f ortaklar\u0131, \u00e7al\u0131\u015fanlar\u0131, yat\u0131r\u0131mc\u0131lar\u0131 ve t\u00fcm payda\u015flar\u0131yla birlikte gelece\u011finizdeki yaz\u0131l\u0131mlar\u0131 bug\u00fcnden haz\u0131rl\u0131yor. M\u00fc\u015fterilerimiz, Tedarik\u00e7ilerimiz ve Bayilerimiz i\u00e7in, i\u015f birli\u011fi i\u00e7erisinde ve dinamik yap\u0131m\u0131zla yeni nesil ticarete de\u011fer kat\u0131yoruz. Matrix Yaz\u0131l\u0131m, farkl\u0131 i\u015fletme ve teknolojilere yat\u0131r\u0131m yap\u0131p, 2021 y\u0131l\u0131ndan itibaren E-Ticaret sekt\u00f6r\u00fcnde T\u00fcrkiye'de ilk ve ger\u00e7ek Do\u011frudan Kargo (Drop shipping) hizmetini vermeye ba\u015flam\u0131\u015ft\u0131r.<\/span><\/p>\t\t\t\t<\/div>\n\t\t\t\t\t<\/div>\n\t\t\t\t\t\t<\/div>\n\t\t\t\t<\/div>\n\t\t\t\t<\/div>\n\t\t\t\t\t<\/div>\n\t\t\t\t<\/div>\n\t\t<div class=\"wd-negative-gap elementor-element elementor-element-f168c0a e-flex e-con-boxed e-con e-parent\" data-id=\"f168c0a\" data-element_type=\"container\">\n\t\t\t\t\t<div class=\"e-con-inner\">\n\t\t<div class=\"elementor-element elementor-element-5642404 e-con-full e-flex e-con e-child\" data-id=\"5642404\" data-element_type=\"container\">\n\t\t\t\t<div class=\"elementor-element elementor-element-3cc9380 wd-width-100 elementor-widget elementor-widget-wd_title\" data-id=\"3cc9380\" data-element_type=\"widget\" data-widget_type=\"wd_title.default\">\n\t\t\t\t<div class=\"elementor-widget-container\">\n\t\t\t\t\t\t\t<div class=\"title-wrapper wd-set-mb reset-last-child wd-title-color-default wd-title-style-default wd-title-size-default text-left\">\n\n\t\t\t\n\t\t\t<div class=\"liner-continer\">\n\t\t\t\t<h4 class=\"woodmart-title-container title wd-fontsize-l\">Verimlilik<\/h4> \n\t\t\t\t\t\t\t<\/div>\n\n\t\t\t\t\t\t\t<div class=\"title-after_title reset-last-child wd-fontsize-xs\">\n\t\t\t\t\t<p><span style=\"color: #000000\">Matrix Yaz\u0131l\u0131m olarak, sundu\u011fumuz \u00fcr\u00fcn ve hizmetlerle, m\u00fc\u015fterilerimizin i\u015fletmelerinde verimlilik art\u0131\u015f\u0131 sa\u011flamaya odaklan\u0131yoruz. Her sekt\u00f6r\u00fcn, her i\u015fletmenin kendine \u00f6zg\u00fc yap\u0131s\u0131n\u0131 ve \u00e7a\u011fda\u015f y\u00f6netim tekniklerini g\u00f6zeterek i\u015fletmelerin daha \u00fcretken, daha karl\u0131 olabilmesi i\u00e7in gerekli bili\u015fim ara\u00e7, gere\u00e7 ve hizmetleri sunuyoruz.<\/span><\/p>\t\t\t\t<\/div>\n\t\t\t\t\t<\/div>\n\t\t\t\t\t\t<\/div>\n\t\t\t\t<\/div>\n\t\t\t\t<\/div>\n\t\t<div class=\"elementor-element elementor-element-0fd3981 e-con-full e-flex e-con e-child\" data-id=\"0fd3981\" data-element_type=\"container\">\n\t\t\t\t<div class=\"elementor-element elementor-element-6bd9f8b wd-width-100 elementor-widget elementor-widget-wd_title\" data-id=\"6bd9f8b\" data-element_type=\"widget\" data-widget_type=\"wd_title.default\">\n\t\t\t\t<div class=\"elementor-widget-container\">\n\t\t\t\t\t\t\t<div class=\"title-wrapper wd-set-mb reset-last-child wd-title-color-default wd-title-style-default wd-title-size-default text-left\">\n\n\t\t\t\n\t\t\t<div class=\"liner-continer\">\n\t\t\t\t<h4 class=\"woodmart-title-container title wd-fontsize-l\">M\u00fc\u015fteri Mutlulu\u011fu<\/h4> \n\t\t\t\t\t\t\t<\/div>\n\n\t\t\t\t\t\t\t<div class=\"title-after_title reset-last-child wd-fontsize-xs\">\n\t\t\t\t\t<p><span style=\"color: #000000\">M\u00fc\u015fterilerimizin ko\u015fulsuz mutlulu\u011fu, bizim i\u00e7in her \u015feyden \u00f6nemlidir. Bu nedenle \u00fcretti\u011fimiz \u00fcr\u00fcn ve hizmetlerin \u00fcst\u00fcn nitelikli olmas\u0131na \u00f6nem veriyoruz. \"Toplam Kalite Y\u00f6netimi\"ni bir y\u00f6netim felsefesi olarak benimserken; politikalar\u0131n tespitinde pazar\u0131n tercihlerini ve standartlar\u0131n\u0131 g\u00f6zeterek, m\u00fc\u015fterileriyle yak\u0131n ve s\u0131cak ili\u015fkisini s\u00fcrd\u00fcr\u00fcyoruz.<\/span><\/p>\t\t\t\t<\/div>\n\t\t\t\t\t<\/div>\n\t\t\t\t\t\t<\/div>\n\t\t\t\t<\/div>\n\t\t\t\t<\/div>\n\t\t\t\t\t<\/div>\n\t\t\t\t<\/div>\n\t\t<div class=\"wd-negative-gap elementor-element elementor-element-6154c44 e-flex e-con-boxed e-con e-parent\" data-id=\"6154c44\" data-element_type=\"container\">\n\t\t\t\t\t<div class=\"e-con-inner\">\n\t\t<div class=\"elementor-element elementor-element-d8562ec e-con-full e-flex e-con e-child\" data-id=\"d8562ec\" data-element_type=\"container\">\n\t\t\t\t<div class=\"elementor-element elementor-element-20c7253 wd-width-100 elementor-widget elementor-widget-wd_title\" data-id=\"20c7253\" data-element_type=\"widget\" data-widget_type=\"wd_title.default\">\n\t\t\t\t<div class=\"elementor-widget-container\">\n\t\t\t\t\t\t\t<div class=\"title-wrapper wd-set-mb reset-last-child wd-title-color-default wd-title-style-default wd-title-size-default text-left\">\n\n\t\t\t\n\t\t\t<div class=\"liner-continer\">\n\t\t\t\t<h4 class=\"woodmart-title-container title wd-fontsize-l\">Karl\u0131l\u0131k &amp; Toplumsal Sorumluluk <\/h4> \n\t\t\t\t\t\t\t<\/div>\n\n\t\t\t\t\t\t\t<div class=\"title-after_title reset-last-child wd-fontsize-xs\">\n\t\t\t\t\t<p>Matrix Yaz\u0131l\u0131m kaynaklar\u0131n\u0131 verimli kullanmay\u0131, verimli ve karl\u0131 bir i\u015fletme olmay\u0131; \u00e7al\u0131\u015fanlar\u0131na, m\u00fc\u015fterilerine ve topluma kar\u015f\u0131 sorumluluklar\u0131n\u0131n gere\u011fi olarak kabul etmektedir.<\/p><br \/>\n<p>Matrix Yaz\u0131l\u0131m olarak, teknolojinin, insana ve \u00e7evreye sayg\u0131 i\u00e7inde geli\u015ftirilmesini savunuyoruz. Faaliyetlerimizde; topluma ve d\u00fcnyaya kar\u015f\u0131 sorumluluk bilinciyle hareket ediyor, toplumsal sorunlara yap\u0131c\u0131 yakla\u015f\u0131yoruz.<\/p>\t\t\t\t<\/div>\n\t\t\t\t\t<\/div>\n\t\t\t\t\t\t<\/div>\n\t\t\t\t<\/div>\n\t\t\t\t<\/div>\n\t\t<div class=\"elementor-element elementor-element-cdc9d26 e-con-full e-flex e-con e-child\" data-id=\"cdc9d26\" data-element_type=\"container\">\n\t\t\t\t<div class=\"elementor-element elementor-element-f458363 wd-width-100 elementor-widget elementor-widget-wd_title\" data-id=\"f458363\" data-element_type=\"widget\" data-widget_type=\"wd_title.default\">\n\t\t\t\t<div class=\"elementor-widget-container\">\n\t\t\t\t\t\t\t<div class=\"title-wrapper wd-set-mb reset-last-child wd-title-color-default wd-title-style-default wd-title-size-default text-left\">\n\n\t\t\t\n\t\t\t<div class=\"liner-continer\">\n\t\t\t\t<h4 class=\"woodmart-title-container title wd-fontsize-l\">Ara\u015ft\u0131rma &amp; Geli\u015ftirme <\/h4> \n\t\t\t\t\t\t\t<\/div>\n\n\t\t\t\t\t\t\t<div class=\"title-after_title reset-last-child wd-fontsize-xs\">\n\t\t\t\t\t<p>Matrix Yaz\u0131l\u0131m olarak, etkin ara\u015ft\u0131rma ve geli\u015ftirmenin, g\u00fcn\u00fcm\u00fcz\u00fcn h\u0131zl\u0131 de\u011fi\u015fen ortam\u0131nda rekabet\u00e7ili\u011fin temel bile\u015feni oldu\u011funa inan\u0131yoruz. M\u00fc\u015fterilerimize daha iyi hizmet verebilmek amac\u0131yla yeni \u00fcr\u00fcnler kazand\u0131rmak, mevcut \u00fcr\u00fcnleri daha yetenekli k\u0131lmak ya da de\u011fi\u015fen teknoloji ve platformlara uyum sa\u011flamak i\u00e7in, kaynaklar\u0131m\u0131z\u0131n b\u00fcy\u00fck b\u00f6l\u00fcm\u00fcn\u00fc ara\u015ft\u0131rma ve geli\u015ftirmeye ay\u0131r\u0131yoruz.<\/p>\t\t\t\t<\/div>\n\t\t\t\t\t<\/div>\n\t\t\t\t\t\t<\/div>\n\t\t\t\t<\/div>\n\t\t\t\t<\/div>\n\t\t\t\t\t<\/div>\n\t\t\t\t<\/div>\n\t\t<div class=\"wd-negative-gap elementor-element elementor-element-b0d0d9e e-flex e-con-boxed e-con e-parent\" data-id=\"b0d0d9e\" data-element_type=\"container\">\n\t\t\t\t\t<div class=\"e-con-inner\">\n\t\t<div class=\"elementor-element elementor-element-f6a7f76 e-con-full e-flex e-con e-child\" data-id=\"f6a7f76\" data-element_type=\"container\">\n\t\t\t\t<div class=\"elementor-element elementor-element-f38e8d9 wd-width-100 elementor-widget elementor-widget-wd_title\" data-id=\"f38e8d9\" data-element_type=\"widget\" data-widget_type=\"wd_title.default\">\n\t\t\t\t<div class=\"elementor-widget-container\">\n\t\t\t\t\t\t\t<div class=\"title-wrapper wd-set-mb reset-last-child wd-title-color-default wd-title-style-default wd-title-size-default text-left\">\n\n\t\t\t\n\t\t\t<div class=\"liner-continer\">\n\t\t\t\t<h4 class=\"woodmart-title-container title wd-fontsize-l\">E-Ticaret Y\u00f6netim Yaz\u0131l\u0131mlar\u0131<\/h4> \n\t\t\t\t\t\t\t<\/div>\n\n\t\t\t\t\t\t\t<div class=\"title-after_title reset-last-child wd-fontsize-xs\">\n\t\t\t\t\t<p>E-ticaret y\u00f6netim yaz\u0131l\u0131mlar\u0131, i\u015fletmelerin t\u00fcm s\u00fcre\u00e7lerini tek bir platform \u00fczerinden y\u00f6netmesini sa\u011flar. DEPODAN M\u00dc\u015eTER\u0130YE, e-ticaret y\u00f6netim yaz\u0131l\u0131mlar\u0131 aras\u0131nda en kapsaml\u0131 \u00e7\u00f6z\u00fcm\u00fc sunar. Sistemin \u00d6zellikleri: Sipari\u015f Y\u00f6netimi: Otomatik sipari\u015f y\u00f6netimi ve kargo s\u00fcre\u00e7leri. Stok Y\u00f6netimi: Stok takibi ve otomatik stok g\u00fcncelleme. Muhasebe Entegrasyonu: Fatura kesme, KDV hesaplama ve mikro ihracat. \u0130ade Y\u00f6netimi: \u0130ade edilen \u00fcr\u00fcnlerin yeniden sat\u0131\u015f\u0131. Avantajlar\u0131: T\u00fcm s\u00fcre\u00e7ler tek bir platformda. Otomatik s\u00fcre\u00e7lerle zamandan tasarruf. Yapay zeka destekli y\u00f6netim. DEPODAN M\u00dc\u015eTER\u0130YE, e-ticaret y\u00f6netim yaz\u0131l\u0131mlar\u0131 ile i\u015fletmenizi b\u00fcy\u00fctmenize yard\u0131mc\u0131 olur.<\/p>\t\t\t\t<\/div>\n\t\t\t\t\t<\/div>\n\t\t\t\t\t\t<\/div>\n\t\t\t\t<\/div>\n\t\t\t\t<\/div>\n\t\t\t\t\t<\/div>\n\t\t\t\t<\/div>\n\t\t\t\t<\/div>\n\t\t\n    <div class=\"xs_social_share_widget xs_share_url after_content \t\tmain_content  wslu-style-1 wslu-share-box-shaped wslu-fill-colored wslu-none wslu-share-horizontal wslu-theme-font-no wslu-main_content\">\n\n\t\t\n        <ul>\n\t\t\t        <\/ul>\n    <\/div> \n","protected":false},"excerpt":{"rendered":"<p>HAKKIMIZDA 2013 y\u0131l\u0131nda Kurumsal Kaynak Planlama \u00e7\u00f6z\u00fcmlerinin yan\u0131 s\u0131ra, M\u00fc\u015fteri \u0130li\u015fkileri Y\u00f6netimi, insan Kaynaklar\u0131 Y\u00f6netimi, i\u015f Ak\u0131\u015f Y\u00f6netimi, Depo Y\u00f6netimi<\/p>\n","protected":false},"author":1,"featured_media":0,"parent":0,"menu_order":0,"comment_status":"closed","ping_status":"closed","template":"","meta":{"postBodyCss":"","postBodyMargin":[],"postBodyPadding":[],"postBodyBackground":{"backgroundType":"classic","gradient":""},"footnotes":""},"class_list":["post-4400","page","type-page","status-publish","hentry"],"_links":{"self":[{"href":"https:\/\/tema4.depodanmusteriye.com\/index.php\/wp-json\/wp\/v2\/pages\/4400","targetHints":{"allow":["GET"]}}],"collection":[{"href":"https:\/\/tema4.depodanmusteriye.com\/index.php\/wp-json\/wp\/v2\/pages"}],"about":[{"href":"https:\/\/tema4.depodanmusteriye.com\/index.php\/wp-json\/wp\/v2\/types\/page"}],"author":[{"embeddable":true,"href":"https:\/\/tema4.depodanmusteriye.com\/index.php\/wp-json\/wp\/v2\/users\/1"}],"replies":[{"embeddable":true,"href":"https:\/\/tema4.depodanmusteriye.com\/index.php\/wp-json\/wp\/v2\/comments?post=4400"}],"version-history":[{"count":4,"href":"https:\/\/tema4.depodanmusteriye.com\/index.php\/wp-json\/wp\/v2\/pages\/4400\/revisions"}],"predecessor-version":[{"id":16441,"href":"https:\/\/tema4.depodanmusteriye.com\/index.php\/wp-json\/wp\/v2\/pages\/4400\/revisions\/16441"}],"wp:attachment":[{"href":"https:\/\/tema4.depodanmusteriye.com\/index.php\/wp-json\/wp\/v2\/media?parent=4400"}],"curies":[{"name":"wp","href":"https:\/\/api.w.org\/{rel}","templated":true}]}}